 + 0 + 131 + -135.
-5
Calculate 13 + -9 + 12 + -9.
7
What is -7 + 17 + -3 - 5?
2
What is the value of 44 - 44 - (-1 + 1 + -1)?
1
What is 1 + -9 + (-2 - -9)?
-1
What is the value of -5 + 9 - -2 - (1 - -3)?
2
1 - (3 - 4 - -1) - -4
5
What is the value of -3 + (0 + 0 - 1)?
-4
Evaluate -2 + (4 - (-3 + 3)).
2
Evaluate -10 - -9 - (7 - 2).
-6
Evaluate 17 + -13 - (-2 + -1 + 4).
3
Calculate (-2 - -7 - 5) + 0 + 0.
0
What is -2 - (5 + -2 - 5) - 5?
-5
What is the value of 1 + -1 + -7 + (1 - -5)?
-1
What is the value of -17 + 16 + (7 - 1)?
5
What is the value of -2 - 2 - (4 + -2 - 4)?
-2
What is the value of (-8 - -5 - 8) + 6 - 0?
-5
-1 + (10 - 2) + -11
-4
17 + -12 + 0 + -9
-4
What is the value of 2 + 5 + -14 + (-4 - -2)?
-9
What is -2 + (-2 - (-7 + 7))?
-4
What is -2 + 5 + (-1 - 1)?
1
What is -8 - (-1 - (-6 - -9))?
-4
What is the value of 2 - ((-1 - 3) + 9)?
-3
Evaluate (-1 - 1) + -14 + 11.
-5
Evaluate (-1 - -11) + 34 + -37.
7
4 - (-5 - (-11 + -3))
-5
What is -7 + (-3 + -1 - -6)?
-5
What is the value of 2 + 1 - (39 - 39) - 12?
-9
Calculate 4 - (4 - (-2 + 5)).
3
What is the value of 5 - (-2 - 2 - -5)?
4
What is -3 - -11 - (5 + -5 + 18)?
-10
What is the value of (-6 - -6) + 13 + -2?
11
What is the value of (5 - 6) + (3 - 8)?
-6
What is 1 + 1 + (4 - 0 - 2)?
4
What is -6 + -6 - -6 - (0 + -4)?
-2
-4 + (3 - 4) + 1 + 3
-1
(3 - -7) + 2 - 4
8
-2 - 7 - -7 - -2
0
What is the value of -8 + 15 - (2 - 2)?
7
Calculate -8 - (5 - 14) - 9.
-8
Calculate 11 + -15 + 7 + -2 + -1.
0
4 - (-2 + (2 - 0) + 4)
0
Calculate -15 - (0 + -9) - 0.
-6
Evaluate 5 + -6 + -4 + 9.
4
Evaluate -6 - -4 - -2 - (-3 + 2).
1
What is 1 - -16 - (8 + 1)?
8
What is 0 - ((2 - 4) + 1 + -7)?
8
What is the value of 7 - (4 - (-4 - -5))?
4
Evaluate (1 - 5) + (-18 - -29).
7
Calculate 0 - 0 - (-290 - -281).
9
What is the value of -10 - (2 + (4 - 13))?
-3
What is 9 - 12 - (-5 - -1)?
1
What is (23 - 5) + (-6 - 5)?
7
Evaluate 12 - (11 - (1 + 2 + 3)).
7
What is the value of -5 + 5 + 2 + -4 + 1?
-1
What is the value of -8 - -4 - ((-6 - 1) + 5)?
-2
What is -12 - (-18 + (19 - 6))?
-7
0 + (1 - 1) - 3
-3
What is the value of -2 + 1 - (0 - -3)?
-4
What is the value of (-44 - -42) + 1 + 2?
1
What is -1 - (8 - (4 + -4 + 5))?
-4
What is the value of (5 + -1 - 1) + (10 - 10)?
3
Evaluate -56 + 67 + (0 - 6).
5
Calculate -3 - ((2 - -2) + -3).
-4
What is -12 + 2 - -7 - (1 + 1)?
-5
What is -1 + (15 - 2) - (2 + 4)?
6
Calculate 3 + (2 + -6 - -2).
1
2 + 0 + 2 + 0
4
0 + 1 - (10 - (4 + 5))
0
Evaluate (0 - -1) + (0 - -7 - 5).
3
Evaluate -8 - -5 - (3 - 4).
-2
What is the value of -2 - (-7 - -3 - -8 - 4)?
-2
Calculate 8 + (4 - 6) + -1 + 0.
5
What is 0 + -5 + (21 - 23)?
-7
What is the value of 2 + 1 + (-5 - 2 - 0)?
-4
-2 - (3 - 2 - 3) - -3
3
Calculate 9 - (2 - -19 - 5).
-7
0 + (4 - 0) - 6
-2
What is the value of -1 - (-12 + 5 - -3) - -2?
5
(-3 - -3) + -3 - (0 - 1)
-2
What is 4 + -1 + 0 + -7?
-4
(3 + -2 - 2) + (-53 - -50)
-4
(7 - 14) + 7 - (1 + -6)
5
Calculate (0 - (-2 + 0)) + -4 + 8.
6
Evaluate (3 - (1 - (5 + -4))) + 4.
7
Evaluate 6 - 3 - 6 - -4.
1
Evaluate 24 + -27 - (-2 - 1) - 4.
-4
What is the value of (-1 + 14 - 10) + 6?
9
Calculate 3 - (5 + -5 - 0).
3
(7 - -6) + -16 - (1 - -3)
-7
What is -189 + 189 - (1 - 4)?
3
-2 + -1 + 0 - -3 - 2
-2
What is (0 - -2) + -6 + 6?
2
Calculate 5 + -3 + 3 + -5 + -2.
-2
-3 + -2 + -1 + 4
-2
9 + -3 + -8 - (2 + 6)
-10
What is the value of -3 - (-8 + 2 + -2)?
5
Calculate 5 + -9 + -3 - -5 - -12.
10
Evaluate (2 + 1 + -2 - 2) + 1.
0
What is the value of (2 - 0) + 4 - -1 - 4?
3
Evaluate -2 - (2 - 4 - -1).
-1
Evaluate 2 + (-4 - -7) + -10 - -5.
0
What is (-4 - 0) + (-9 - (-8 + 3))?
-8
Calculate -11 + 4 + 0 - -1.
-6
Evaluate 9 + 7 + -7 + -11.
-2
Evaluate 2 + (1 - -2 - -2) - 2.
5
(7 - 12) + 11 - 4
2
What is the value of -5 - (0 + -5 + 3)?
-3
1 - (10 + -8 + (1 - 0))
-2
Calculate -2 - (-1 - (-4 + 3 + 8)).
6
Calculate (5 - 7) + -1 + 1 + 1.
-1
Calculate -4 + 6 + 1 + -1.
2
Evaluate -9 - (1 - 5 - 2).
-3
What is the value of 10 + -3 + 0 + -7?
0
What is the value of 6 + (-3 - -1) + (-3 - -1)?
2
What is the value of (2 - -4) + -16 + 3?
-7
What is the value of -5 + 8 + 3 - 1?
5
0 + (-11 - (1 - 7))
-5
Evaluate 5 + -3 + 4 + -3 + 0.
3
Calculate 77 - 74 - (7 - 2).
-2
Calculate 0 + 7 + (4 - 6).
5
1 + (-14 - (-5 + (-6 - -5)))
-7
Calculate (2 - 2) + 7 + (-13 - -7).
1
What is -3 + (1 - (5 - (0 - -6)))?
-1
What is the value of (13 - 0) + (-53 - -46) - 1?
5
What is 0 - (3 - 8 - -5 - -4)?
-4
Calculate (3 - (2 + 2)) + 0.
-1
-10 + (5 - (12 + -12))
-5
Calculate 1 + 1 + -5 + 1.
-2
What is the value of (5 + 0 - (6 + 2)) + -1?
-4
4 + -1 + -4 + 1 + 4
4
Calculate (-2 - (-8 - 1)) + -1 + -3.
3
Calculate -1 + -5 + -85 + 98.
7
(6 - 10) + -2 - -6
0
What is 0 - (2 + (4 - 5))?
-1
Evaluate 17 + 1 + (-9 - 1).
8
Evaluate 4 + 0 + 2 + (-3 - -2).
5
Evaluate -9 - (-3 + -10) - (-2 - 0).
6
Calculate -3 + 2 + 7 + -5 + -3.
-2
(-1 - 1) + 4 + -1 + -2
-1
Calculate (-17 - -8) + 20 + -4.
7
What is the value of (-4 - -7) + 10 + -8?
5
Calculate -5 - ((-4 - 7) + 1).
5
What is -2 + 0 - -10 - 5?
3
-7 - (4 + -6 + -5)
0
What is 7 - -1 - (-10 - -31 - 16)?
3
What is the value of (1 - -2 - (21 + -17)) + 4?
3
Calculate -8 + 21 + (10 - 19).
4
Evaluate (-2 - -1 - -3) + -2.
0
Evaluate 1 - 3 - -1 - 0 - 4.
-5
What is the value of 3 - (1 + (-3 + 4 - 4))?
5
What is 1 - (-4 - -1) - (-13 + 13)?
4
Evaluate 4 + 0 - (-8 + -3 + 11).
4
What is -2 + 1 - (-13 + 8 + 10)?
-6
-7 + 8 + (-1 + -1 - -5)
4
Evaluate 2 + (4 - 6) + 1.
1
What is the value of (-3 - (6 + -12)) + 0?
3
What is the value of -3 + 3 - (4 + 0)?
-4
What is the value of (5 - (17 + 5)) + 10?
-7
-1 + 7 + 0 + -4
2
4 - (4 + -3 + -4 + 2)
5
Evaluate (1 - 0) + 17 + -17.
1
Evaluate 1 - 1 - (-3 + 2 + 6).
-5
3 - (12 - 8 - 9 - -4)
4
What is 11 + 12 + -18 + (1 - 7)?
-1
What is the value of -6 - (-3 + -2 + 3 + 2)?
-6
Evaluate -10 - 0 - (-5 + 2 + -2).
-5
What is the value of -3 + (3 + -2 - 2)?
-4
5 + -1 + -3 + 1 - 4
-2
Calculate -2 - (1 + -2 + -1 + 1).
-1
7 - (-1 + 3 + -4 + 4)
5
Evaluate 2 - 9 - (-3 + -2 - -4).
-6
Calculate -31 + 27 + (3 - -11).
10
4 + -16 + 6 - -4 - -4
2
What is the value of 0 - 4 - ((-1 - 1) + -2)?
0
Calculate (24 - 21) + (1 - -1).
5
Evaluate -15 - (-1 - 2 - 5).
-7
0 + -4 + 3 + 5
4
What is the value of 1 + 4 + (-11 - -9 - -1)?
4
Evaluate (-2 - (-3 + -3)) + 3 + -6.
1
1 + 5 + (-7 - (-3 - 1))
3
What is (-3 + 9 - 10) + 7 + -2?
1
What is 10 + (-7 - -1) + -5 + 1?
0
What is -5 - ((-2 - -4) + -5)?
-2
Evaluate -22 + 17 - (0 - (-2 - -2)).
-5
What is the value of 4 + (1 - 7) + -1?
-3
What is the value of 1 - -14 - (2 - -6)?
7
2 + (-2 - (1 - 0))
-1
What is the value of 3 - (7 - 0 - 3 - 4)?
3
What is 23 + -22 + (-9 - -2)?
-6
2 - (4 + 0) - 0 - 0
-2
Evaluate -5 - -3 - (2 - 1).
-3
Calculate 4 - 7 - -11 - 5.
3
Evaluate 1 - 2 - (5 + -5) - 1.
-2
What is the value of -9 - ((13 - 6) + -3 - 7)?
-6
-10 + (-7 + 7 - -12)
2
What is the value of (3 - -1) + -13 + 6?
-3
What is the value of (0 - -5) + 5 - 6?
4
Evaluate 10 - (2 - (3 + -7)).
4
What is (-1 - (1 + -5)) + -16 + 11?
-2
Calculate (14 - 9) + -4 + 0.
1
Calculate -3 - 1 - (-24 - (-6 - 7)).
7
Evaluate -3 + (1 + 11 - 0).
9
Evaluate 1 + 4 + -4 + 4.
5
What is the value of (1 + -6 - -5) + 0?
0
What is -8 - (-3 + 12 + -21)?
4
What is -13 - -2 - (8 + -4 + -9)?
-6
Evaluate 4 + (0 - 2) - (7 - 7).
2
What is (-2 - -7) + -2 + -3?
0
What is 2 - (-8 + -1 + 7)?
4
Calculate -6 + (10 - (12 - 9)).
1
What is the value of -3 - -3 - (-4 - -4 - -1)?
-1
Calculate -1 + (8 - 1) + -1.
5
Calculate -3 - (7 - 6 - -2 - 11).
5
Evaluate -11 - (-2 + -2) - (-3 - 1).
-3
What is (3 - (2 - 0)) + -4?
-3
What is the value of 0 - (0 + 0 - -2)?
-2
0 - (-2 + 3 + -3 + -2)
4
Calculate (1 - (1 + -1 + -1)) + 5.
7
What is the value of 4 + 0 + -3 - -3?
4
Calculate 2 + -1 - (-10 + 3 + 7).
1
Evaluate 2 + -10 + 11 + -4 + -5.
-6
Evaluate (0 - -1) + (9 - (-2 - -11)).
1
Calculate 51 + -53 + (0 - (-1 - -1)).
-2
What is the value of 2 + (0 - (4 - 6)) + -5?
-1
What is the value of 4 + -2 + -2 + -1?
-1
Evaluate 1 + 2 - (2 + -3).
4
Evaluate (-2 - -2) + 0 + 3.
3
Calculate (-10 - -4 - -10) + -5.
-1
Calculate 131 + -133 + (-1 + 1 - 2).
-4
What is 5 - 3 - (-2 - -6)?
-2
-1 - (-5 + 5) - (0 + 3)
-4
1 + -2 + (7 - (15 + -7))
-2
What is the value of 1 - -1 - (122 - 113)?
-7
-2 + (-3 - -5) + -8 + 11
3
9 + -6 + 0 - -3
6
Evaluate (8 + -8 - 4) + -2.
-6
Evaluate -2 + 10